{"id":10736,"date":"2025-07-20T09:50:38","date_gmt":"2025-07-20T13:50:38","guid":{"rendered":"https:\/\/i-electronic.com\/sys\/?page_id=10736"},"modified":"2025-07-20T09:52:31","modified_gmt":"2025-07-20T13:52:31","slug":"politicas-de-privacidad","status":"publish","type":"page","link":"https:\/\/i-electronic.com\/sys\/politicas-de-privacidad\/","title":{"rendered":"Pol\u00edticas de Privacidad"},"content":{"rendered":"\n\n\t<section class=\"section\" id=\"section_1255162203\">\n\t\t<div class=\"section-bg fill\" >\n\t\t\t\t\t\t\t\t\t<div class=\"section-bg-overlay absolute fill\"><\/div>\n\t\t\t\n\n\t\t<\/div>\n\n\t\t\n\n\t\t<div class=\"section-content relative\">\n\t\t\t\n\n<div class=\"row row-collapse align-center\"  id=\"row-581914063\">\n\n\n\t<div id=\"col-179429354\" class=\"col medium-6 small-12 large-6\"  >\n\t\t\t\t<div class=\"col-inner text-center\"  >\n\t\t\t\n\t\t\t\n\n<p>\u00a0<\/p>\n<h1><span style=\"font-size: 160%;\">Pol\u00edticas de Privacidad<\/span><\/h1>\n<p>\u00a0<\/p>\n\n\t\t<\/div>\n\t\t\t\t\n<style>\n#col-179429354 > .col-inner {\n  padding: 50px 0px 50px 0px;\n}\n<\/style>\n\t<\/div>\n\n\t\n\n\t<div id=\"col-211458835\" class=\"col large-12\"  >\n\t\t\t\t<div class=\"col-inner\"  >\n\t\t\t\n\t\t\t\n\n<h1>POL\u00cdTICA DE PRIVACIDAD Y TRATAMIENTO DE DATOS PERSONALES<\/h1>\n<p>En calidad de responsable del tratamiento de datos, la empresa \u00a0SOLUCIONES SMARTSYS, C.A.\u00a0 inscrita en el Registro de informaci\u00f3n Fiscal Nro J507005712 y con domicilio principal en la ciudad de Caracas Venezuela, establece la presente Pol\u00edtica de Privacidad, la cual rige el tratamiento de los datos personales recabados a trav\u00e9s del sitio web https:\/\/i-electronic.com y sus subdominios.<br \/><br \/>Esta pol\u00edtica se redacta conforme a lo establecido en la Ley Constitucional de Protecci\u00f3n de Datos Personales, publicada en Gaceta Oficial N.\u00ba 42.713 de fecha 17 de marzo de 2023, y dem\u00e1s disposiciones legales vigentes en la Rep\u00fablica Bolivariana de Venezuela.<\/p>\n<h1>I. BASE LEGAL<\/h1>\n<p>La presente Pol\u00edtica se sustenta en los siguientes cuerpos normativos:<br \/>&#8211; Art\u00edculo 60 de la Constituci\u00f3n de la Rep\u00fablica Bolivariana de Venezuela.<br \/>&#8211; Ley Constitucional de Protecci\u00f3n de Datos Personales (G.O. 42.713 del 17\/03\/2023).<br \/>&#8211; Ley de Comercio Electr\u00f3nico (G.O. 38.148 del 28\/03\/2005).<br \/>&#8211; Principios internacionales reconocidos en materia de protecci\u00f3n de datos.<\/p>\n<h1>II. FINALIDAD DEL TRATAMIENTO<\/h1>\n<p>Los datos personales recabados por la empresa tienen las siguientes finalidades:<br \/>1. Registro y autenticaci\u00f3n de usuarios.<br \/>2. Procesamiento de compras.<br \/>3. Emisi\u00f3n de facturaci\u00f3n.<br \/>4. Comunicaci\u00f3n con el titular.<br \/>5. Evaluaci\u00f3n de solicitudes para ser Aliado Instalador.<br \/>6. Cumplimiento de obligaciones legales.<\/p>\n<h1>III. DATOS OBJETO DE TRATAMIENTO<\/h1>\n<p>Entre los datos que podr\u00e1n ser recabados, se encuentran:<br \/>&#8211; Datos identificativos.<br \/>&#8211; Datos de contacto.<br \/>&#8211; Datos de facturaci\u00f3n y env\u00edo.<br \/>&#8211; Informaci\u00f3n t\u00e9cnica.<br \/>&#8211; Informaci\u00f3n comercial.<\/p>\n<h1>IV. CONSENTIMIENTO<\/h1>\n<p>El tratamiento de datos se realizar\u00e1 sobre la base del consentimiento libre, informado, espec\u00edfico e inequ\u00edvoco del titular, conforme al art\u00edculo 7 de la Ley Constitucional de Protecci\u00f3n de Datos Personales.<\/p>\n<h1>IV BIS. USO COMERCIAL Y ANAL\u00cdTICO DE LOS DATOS<\/h1>\n<p>I-ELECTRONIC C.A. se reserva el derecho de utilizar los datos personales recabados, de forma individual o agregada, para fines leg\u00edtimos tales como:<br \/>1. Elaboraci\u00f3n de perfiles de usuario con fines comerciales y de segmentaci\u00f3n.<br \/>2. An\u00e1lisis estad\u00edstico de comportamiento de compra.<br \/>3. Personalizaci\u00f3n de contenido y promociones.<br \/>4. Env\u00edo de comunicaciones comerciales, salvo oposici\u00f3n expresa.<br \/><br \/>Estas actividades se enmarcan en lo previsto en el art\u00edculo 4 de la Ley Constitucional de Protecci\u00f3n de Datos Personales. El titular podr\u00e1 oponerse en cualquier momento mediante solicitud escrita.<\/p>\n<h1>V. DERECHOS DEL TITULAR<\/h1>\n<p>El titular podr\u00e1 ejercer los derechos de acceso, rectificaci\u00f3n, supresi\u00f3n, oposici\u00f3n y portabilidad conforme al art\u00edculo 15 de la ley. Para ello, deber\u00e1 comunicarse al correo electr\u00f3nico designado.<\/p>\n<h1>VI. SEGURIDAD DE LA INFORMACI\u00d3N<\/h1>\n<p>Se aplican medidas t\u00e9cnicas, organizativas y administrativas para proteger los datos personales contra p\u00e9rdida, acceso no autorizado o tratamiento il\u00edcito, conforme al art\u00edculo 10 de la ley.<\/p>\n<h1>VII. CESI\u00d3N O TRANSFERENCIA DE DATOS<\/h1>\n<p>Los datos no ser\u00e1n vendidos ni transferidos, salvo obligaci\u00f3n legal, requerimiento judicial o autorizaci\u00f3n previa del titular. En caso de transferencia internacional se observar\u00e1n principios de legalidad y seguridad.<\/p>\n<h1>VIII. PLAZO DE CONSERVACI\u00d3N<\/h1>\n<p>Los datos ser\u00e1n conservados solo durante el tiempo necesario para cumplir con la finalidad que motiv\u00f3 su recolecci\u00f3n, respetando los plazos legales aplicables.<\/p>\n<h1>IX. COOKIES Y HERRAMIENTAS TECNOL\u00d3GICAS<\/h1>\n<p>Este sitio puede utilizar cookies para optimizar la experiencia del usuario. El usuario puede configurarlas desde su navegador.<\/p>\n<h1>X. MODIFICACIONES<\/h1>\n<p>La presente pol\u00edtica podr\u00e1 ser modificada y actualizada en cualquier momento. Los cambios surtir\u00e1n efecto desde su publicaci\u00f3n en el sitio web.<\/p>\n<h1>XI. CONTACTO<\/h1>\n<p>Cualquier solicitud o reclamo deber\u00e1 dirigirse a:<br \/><br \/>SOLUCIONES SMARTSYS, C.A.\u00a0<br \/>Correo electr\u00f3nico: infoielectronicstores@gmail.com<br \/>Tel\u00e9fono: 04243572619<br \/>Documento generado el 01\/07\/2025<\/p>\n\n\t\t<\/div>\n\t\t\t\t\t<\/div>\n\n\t\n\n<\/div>\n\n\t\t<\/div>\n\n\t\t\n<style>\n#section_1255162203 {\n  padding-top: 0px;\n  padding-bottom: 0px;\n  background-color: rgb(208, 208, 208);\n}\n#section_1255162203 .section-bg-overlay {\n  background-color: rgba(255, 255, 255, 0.85);\n}\n<\/style>\n\t<\/section>\n\t\n\n","protected":false},"excerpt":{"rendered":"","protected":false},"author":1,"featured_media":0,"parent":0,"menu_order":0,"comment_status":"closed","ping_status":"closed","template":"","meta":{"footnotes":""},"class_list":["post-10736","page","type-page","status-publish","hentry"],"_links":{"self":[{"href":"https:\/\/i-electronic.com\/sys\/wp-json\/wp\/v2\/pages\/10736","targetHints":{"allow":["GET"]}}],"collection":[{"href":"https:\/\/i-electronic.com\/sys\/wp-json\/wp\/v2\/pages"}],"about":[{"href":"https:\/\/i-electronic.com\/sys\/wp-json\/wp\/v2\/types\/page"}],"author":[{"embeddable":true,"href":"https:\/\/i-electronic.com\/sys\/wp-json\/wp\/v2\/users\/1"}],"replies":[{"embeddable":true,"href":"https:\/\/i-electronic.com\/sys\/wp-json\/wp\/v2\/comments?post=10736"}],"version-history":[{"count":0,"href":"https:\/\/i-electronic.com\/sys\/wp-json\/wp\/v2\/pages\/10736\/revisions"}],"wp:attachment":[{"href":"https:\/\/i-electronic.com\/sys\/wp-json\/wp\/v2\/media?parent=10736"}],"curies":[{"name":"wp","href":"https:\/\/api.w.org\/{rel}","templated":true}]}}