{"id":5816,"date":"2025-07-12T13:06:59","date_gmt":"2025-07-12T17:06:59","guid":{"rendered":"https:\/\/i-electronic.com\/sys\/?post_type=product&#038;p=5816"},"modified":"2025-11-23T19:08:20","modified_gmt":"2025-11-23T23:08:20","slug":"h6-5mp","status":"publish","type":"product","link":"https:\/\/i-electronic.com\/sys\/product\/h6-5mp\/","title":{"rendered":"EZVIZ H6 &#8211; CAMARA DE VIGILANCIA CON MOVIMIENTO 360\u00ba 3K\/4MP WIFI"},"content":{"rendered":"","protected":false},"excerpt":{"rendered":"<p>La EZVIZ H6 es una c\u00e1mara de seguridad para interiores que ofrece una resoluci\u00f3n 3K ultra HD, visi\u00f3n nocturna a color mejorada con lente Starlight y detecci\u00f3n avanzada de siluetas de personas y mascotas mediante IA. Dise\u00f1ada para brindar una protecci\u00f3n integral y conectividad sin esfuerzo, es ideal para monitorear su hogar con precisi\u00f3n y claridad.<\/p>\n","protected":false},"featured_media":5818,"template":"","meta":[],"product_brand":[16],"product_cat":[86,87],"product_tag":[],"class_list":{"0":"post-5816","1":"product","2":"type-product","3":"status-publish","4":"has-post-thumbnail","6":"product_brand-ezviz","7":"product_cat-camaras","8":"product_cat-camaras-ip","9":"pa_uso-uso-interiores","11":"first","12":"instock","13":"featured","14":"shipping-taxable","15":"purchasable","16":"product-type-simple"},"tiered_pricing_type":"fixed","tiered_pricing_fixed_rules":[],"tiered_pricing_product_settings":{"layout":"default","base_unit_name":{"singular":null,"plural":null},"default_variation":null},"tiered_pricing_minimum_quantity":null,"tiered_pricing_roles_data":{"instalador":{"product_id":5816,"role":"instalador","pricing_type":"flat","regular_price":66,"sale_price":60,"discount":null,"discount_type":"sale_price","tiered_pricing_type":"fixed","percentage_rules":[],"fixed_rules":[],"minimum":null}},"tiered_pricing_percentage_rules":[],"tiered_pricing_maximum_quantity":null,"tiered_pricing_quantity_step":null,"_links":{"self":[{"href":"https:\/\/i-electronic.com\/sys\/wp-json\/wp\/v2\/product\/5816","targetHints":{"allow":["GET"]}}],"collection":[{"href":"https:\/\/i-electronic.com\/sys\/wp-json\/wp\/v2\/product"}],"about":[{"href":"https:\/\/i-electronic.com\/sys\/wp-json\/wp\/v2\/types\/product"}],"wp:featuredmedia":[{"embeddable":true,"href":"https:\/\/i-electronic.com\/sys\/wp-json\/wp\/v2\/media\/5818"}],"wp:attachment":[{"href":"https:\/\/i-electronic.com\/sys\/wp-json\/wp\/v2\/media?parent=5816"}],"wp:term":[{"taxonomy":"product_brand","embeddable":true,"href":"https:\/\/i-electronic.com\/sys\/wp-json\/wp\/v2\/product_brand?post=5816"},{"taxonomy":"product_cat","embeddable":true,"href":"https:\/\/i-electronic.com\/sys\/wp-json\/wp\/v2\/product_cat?post=5816"},{"taxonomy":"product_tag","embeddable":true,"href":"https:\/\/i-electronic.com\/sys\/wp-json\/wp\/v2\/product_tag?post=5816"}],"curies":[{"name":"wp","href":"https:\/\/api.w.org\/{rel}","templated":true}]}}