{"id":7753,"date":"2025-07-13T14:53:52","date_gmt":"2025-07-13T18:53:52","guid":{"rendered":"https:\/\/i-electronic.com\/sys\/?post_type=product&#038;p=7753"},"modified":"2025-07-22T10:03:03","modified_gmt":"2025-07-22T14:03:03","slug":"ezviz-cb1-camara-domestica-u-oficina-2mp-wifi","status":"publish","type":"product","link":"https:\/\/i-electronic.com\/sys\/product\/ezviz-cb1-camara-domestica-u-oficina-2mp-wifi\/","title":{"rendered":"EZVIZ CB1 &#8211; CAMARA DOM\u00c9STICA U OFICINA-BATERIA 2MP WIFI"},"content":{"rendered":"","protected":false},"excerpt":{"rendered":"<p>La CB1 es la nueva c\u00e1mara de bater\u00eda para interiores flexible y confiable de EZVIZ que b\u00e1sicamente puede ir a cualquier lugar dentro de su hogar. Gracias al dise\u00f1o inal\u00e1mbrico y soporte magn\u00e9tico ajustable podr\u00e1s encontrar f\u00e1cilmente el lugar perfecto para aprovechar todas las \u00e1reas de tu hogar. Esta c\u00e1mara tambi\u00e9n viene con varias caracter\u00edsticas esenciales, que incluyen gran calidad de video y visi\u00f3n nocturna, detecci\u00f3n de movimiento humano, comunicaci\u00f3n bidireccional, modo de suspensi\u00f3n y m\u00e1s.<\/p>\n","protected":false},"featured_media":7754,"template":"","meta":[],"product_brand":[16],"product_cat":[86,87],"product_tag":[],"class_list":{"0":"post-7753","1":"product","2":"type-product","3":"status-publish","4":"has-post-thumbnail","6":"product_brand-ezviz","7":"product_cat-camaras","8":"product_cat-camaras-ip","9":"pa_uso-uso-interiores","11":"first","12":"instock","13":"featured","14":"shipping-taxable","15":"purchasable","16":"product-type-simple"},"tiered_pricing_type":"fixed","tiered_pricing_fixed_rules":[],"tiered_pricing_product_settings":{"layout":"default","base_unit_name":{"singular":null,"plural":null},"default_variation":null},"tiered_pricing_minimum_quantity":null,"tiered_pricing_roles_data":{"instalador":{"product_id":7753,"role":"instalador","pricing_type":"flat","regular_price":58,"sale_price":50,"discount":null,"discount_type":"sale_price","tiered_pricing_type":"fixed","percentage_rules":[],"fixed_rules":[],"minimum":null}},"tiered_pricing_percentage_rules":[],"tiered_pricing_maximum_quantity":null,"tiered_pricing_quantity_step":null,"_links":{"self":[{"href":"https:\/\/i-electronic.com\/sys\/wp-json\/wp\/v2\/product\/7753","targetHints":{"allow":["GET"]}}],"collection":[{"href":"https:\/\/i-electronic.com\/sys\/wp-json\/wp\/v2\/product"}],"about":[{"href":"https:\/\/i-electronic.com\/sys\/wp-json\/wp\/v2\/types\/product"}],"wp:featuredmedia":[{"embeddable":true,"href":"https:\/\/i-electronic.com\/sys\/wp-json\/wp\/v2\/media\/7754"}],"wp:attachment":[{"href":"https:\/\/i-electronic.com\/sys\/wp-json\/wp\/v2\/media?parent=7753"}],"wp:term":[{"taxonomy":"product_brand","embeddable":true,"href":"https:\/\/i-electronic.com\/sys\/wp-json\/wp\/v2\/product_brand?post=7753"},{"taxonomy":"product_cat","embeddable":true,"href":"https:\/\/i-electronic.com\/sys\/wp-json\/wp\/v2\/product_cat?post=7753"},{"taxonomy":"product_tag","embeddable":true,"href":"https:\/\/i-electronic.com\/sys\/wp-json\/wp\/v2\/product_tag?post=7753"}],"curies":[{"name":"wp","href":"https:\/\/api.w.org\/{rel}","templated":true}]}}