{"id":7767,"date":"2025-07-15T06:59:24","date_gmt":"2025-07-15T10:59:24","guid":{"rendered":"https:\/\/i-electronic.com\/sys\/?post_type=product&#038;p=7767"},"modified":"2025-07-22T09:57:57","modified_gmt":"2025-07-22T13:57:57","slug":"ezviz-h3c-camara-de-vigilancia-exteriores-2mp-wifi","status":"publish","type":"product","link":"https:\/\/i-electronic.com\/sys\/product\/ezviz-h3c-camara-de-vigilancia-exteriores-2mp-wifi\/","title":{"rendered":"EZVIZ H3C 2K &#8211; CAMARA DE VIGILANCIA EXTERIORES 2K\/3MP WIFI"},"content":{"rendered":"","protected":false},"excerpt":{"rendered":"<p>Una c\u00e1mara bien construida por calidad y funcionalidad, la H3c 2K est\u00e1 dise\u00f1ada para brindar protecci\u00f3n para el hogar o negocio las 24 horas del d\u00eda, los 7 d\u00edas de la semana de manera inteligente. Ideal como guardia exterior para la mayor\u00eda de las locaciones, la c\u00e1mara genera video 2K ultra n\u00edtido y visi\u00f3n nocturna colorida, y es lo suficientemente inteligente como para detectar actividades humanas y proporcionar una defensa activa. De tama\u00f1o compacto y resistente a la intemperie, la H3c 2K es su c\u00e1mara de seguridad ideal .<\/p>\n","protected":false},"featured_media":7772,"template":"","meta":[],"product_brand":[16],"product_cat":[86,87],"product_tag":[],"class_list":{"0":"post-7767","1":"product","2":"type-product","3":"status-publish","4":"has-post-thumbnail","6":"product_brand-ezviz","7":"product_cat-camaras","8":"product_cat-camaras-ip","9":"pa_uso-uso-interior-exterior","11":"first","12":"instock","13":"featured","14":"shipping-taxable","15":"purchasable","16":"product-type-simple"},"tiered_pricing_type":"fixed","tiered_pricing_fixed_rules":[],"tiered_pricing_product_settings":{"layout":"default","base_unit_name":{"singular":null,"plural":null},"default_variation":null},"tiered_pricing_minimum_quantity":null,"tiered_pricing_roles_data":{"instalador":{"product_id":7767,"role":"instalador","pricing_type":"flat","regular_price":67,"sale_price":57,"discount":null,"discount_type":"sale_price","tiered_pricing_type":"fixed","percentage_rules":[],"fixed_rules":[],"minimum":null}},"tiered_pricing_percentage_rules":[],"tiered_pricing_maximum_quantity":null,"tiered_pricing_quantity_step":null,"_links":{"self":[{"href":"https:\/\/i-electronic.com\/sys\/wp-json\/wp\/v2\/product\/7767","targetHints":{"allow":["GET"]}}],"collection":[{"href":"https:\/\/i-electronic.com\/sys\/wp-json\/wp\/v2\/product"}],"about":[{"href":"https:\/\/i-electronic.com\/sys\/wp-json\/wp\/v2\/types\/product"}],"wp:featuredmedia":[{"embeddable":true,"href":"https:\/\/i-electronic.com\/sys\/wp-json\/wp\/v2\/media\/7772"}],"wp:attachment":[{"href":"https:\/\/i-electronic.com\/sys\/wp-json\/wp\/v2\/media?parent=7767"}],"wp:term":[{"taxonomy":"product_brand","embeddable":true,"href":"https:\/\/i-electronic.com\/sys\/wp-json\/wp\/v2\/product_brand?post=7767"},{"taxonomy":"product_cat","embeddable":true,"href":"https:\/\/i-electronic.com\/sys\/wp-json\/wp\/v2\/product_cat?post=7767"},{"taxonomy":"product_tag","embeddable":true,"href":"https:\/\/i-electronic.com\/sys\/wp-json\/wp\/v2\/product_tag?post=7767"}],"curies":[{"name":"wp","href":"https:\/\/api.w.org\/{rel}","templated":true}]}}