{"id":7774,"date":"2025-07-15T07:32:37","date_gmt":"2025-07-15T11:32:37","guid":{"rendered":"https:\/\/i-electronic.com\/sys\/?post_type=product&#038;p=7774"},"modified":"2025-07-22T09:56:28","modified_gmt":"2025-07-22T13:56:28","slug":"ezviz-bc2-mini-camara-de-vigilancia-con-bateria-2mp-wifi","status":"publish","type":"product","link":"https:\/\/i-electronic.com\/sys\/product\/ezviz-bc2-mini-camara-de-vigilancia-con-bateria-2mp-wifi\/","title":{"rendered":"EZVIZ BC2 &#8211; MINI CAMARA DE VIGILANCIA CON BATERIA 2MP WIFI"},"content":{"rendered":"","protected":false},"excerpt":{"rendered":"<p>Conozca una c\u00e1mara que re\u00fane un conjunto de funciones que cualquiera podr\u00eda utilizar para la protecci\u00f3n, compa\u00f1\u00eda y diversi\u00f3n en interiores. La BC2 utiliza una bater\u00eda y tiene un tama\u00f1o miniatura con un aspecto moderno, por lo que puede colocarse pr\u00e1cticamente en cualquier lugar de la casa. Col\u00f3quela en la base magn\u00e9tica incluida, f\u00edjela a cualquier superficie met\u00e1lica y listo.<\/p>\n","protected":false},"featured_media":7775,"template":"","meta":[],"product_brand":[16],"product_cat":[86,87],"product_tag":[],"class_list":{"0":"post-7774","1":"product","2":"type-product","3":"status-publish","4":"has-post-thumbnail","6":"product_brand-ezviz","7":"product_cat-camaras","8":"product_cat-camaras-ip","9":"pa_uso-uso-interiores","11":"first","12":"instock","13":"featured","14":"shipping-taxable","15":"purchasable","16":"product-type-simple"},"tiered_pricing_type":"fixed","tiered_pricing_fixed_rules":[],"tiered_pricing_product_settings":{"layout":"default","base_unit_name":{"singular":null,"plural":null},"default_variation":null},"tiered_pricing_minimum_quantity":null,"tiered_pricing_roles_data":{"instalador":{"product_id":7774,"role":"instalador","pricing_type":"flat","regular_price":87,"sale_price":76,"discount":null,"discount_type":"sale_price","tiered_pricing_type":"fixed","percentage_rules":[],"fixed_rules":[],"minimum":null}},"tiered_pricing_percentage_rules":[],"tiered_pricing_maximum_quantity":null,"tiered_pricing_quantity_step":null,"_links":{"self":[{"href":"https:\/\/i-electronic.com\/sys\/wp-json\/wp\/v2\/product\/7774","targetHints":{"allow":["GET"]}}],"collection":[{"href":"https:\/\/i-electronic.com\/sys\/wp-json\/wp\/v2\/product"}],"about":[{"href":"https:\/\/i-electronic.com\/sys\/wp-json\/wp\/v2\/types\/product"}],"wp:featuredmedia":[{"embeddable":true,"href":"https:\/\/i-electronic.com\/sys\/wp-json\/wp\/v2\/media\/7775"}],"wp:attachment":[{"href":"https:\/\/i-electronic.com\/sys\/wp-json\/wp\/v2\/media?parent=7774"}],"wp:term":[{"taxonomy":"product_brand","embeddable":true,"href":"https:\/\/i-electronic.com\/sys\/wp-json\/wp\/v2\/product_brand?post=7774"},{"taxonomy":"product_cat","embeddable":true,"href":"https:\/\/i-electronic.com\/sys\/wp-json\/wp\/v2\/product_cat?post=7774"},{"taxonomy":"product_tag","embeddable":true,"href":"https:\/\/i-electronic.com\/sys\/wp-json\/wp\/v2\/product_tag?post=7774"}],"curies":[{"name":"wp","href":"https:\/\/api.w.org\/{rel}","templated":true}]}}